y = 2*w - 4. What are the prime factors of w?
2
Suppose 46 + 79 = 5*o + 5*l, 161 = 5*o - 4*l. What are the prime factors of o?
29
Let l(m) = -3*m + 11. List the prime factors of l(-18).
5, 13
Let y = -3 - -6. List the prime factors of y.
3
Suppose -39*w = -40*w + 224. What are the prime factors of w?
2, 7
Let b = 13 + -4. Suppose b = -4*m - 27. Let g = 2 - m. List the prime factors of g.
11
Let b = -15 + 37. Let u = b + -18. What are the prime factors of u?
2
Suppose -2*s + 109 = j - 94, 2*s = j - 211. What are the prime factors of j?
3, 23
Suppose -8*t = -3*t - 415. What are the prime factors of t?
83
Suppose -4*m = -5*u + 2*u + 4, 3*u = -m + 14. Let s(p) = -p + 2. Let d be s(m). Suppose y - 3*y = 5*z - 33, d = 3*y - 12. What are the prime factors of z?
5
Suppose 0 = 2*b + 2*x - 8, -b + 4*b = -4*x + 13. Let q = 5 - b. List the prime factors of q.
2
Let c(m) = -m + 4. Let p be c(4). Suppose p = v + 4*v - 50. List the prime factors of v.
2, 5
Let h(l) be the second derivative of -l**4/4 - l**2 + 3*l. Let z be h(2). List the prime factors of (-150)/(-14) + (-4)/z.
11
What are the prime factors of -4*7/((-7)/20)?
2, 5
Suppose 6 = -2*m, -3*m - 3 = -2*f + 74. List the prime factors of f.
2, 17
Let w = -6 - 2. List the prime factors of (w + 3 - -3)*-8.
2
Suppose 2*y = 4*a + 120, 4*y = 6*a - 2*a + 224. What are the prime factors of y?
2, 13
Let z be (-2)/(-4)*(-73 - -1). Let h = 65 + z. List the prime factors of h.
29
Let b be 2/1*(-46)/(-4). Suppose 3 = -4*l + b. List the prime factors of l.
5
Suppose -8*g - 164 = -2572. List the prime factors of g.
7, 43
Let o(h) = h**2 - h + 2. Let c be o(0). Suppose -3 = -c*t + 1. What are the prime factors of t?
2
Let b(o) = -o**3 - 7*o**2 - 6*o + 11. Let z be b(-6). Suppose 6 = 3*x - 15. Let v = z - x. List the prime factors of v.
2
Let p = 14 - -15. List the prime factors of (-4)/2 + p + -2.
5
Let i(w) = 43*w - 19. List the prime factors of i(3).
2, 5, 11
Let n be 5 - (-1)/(2/(-4)). Suppose 0 = -n*w + 9 - 0. Suppose 4*v - 15 = -w. What are the prime factors of v?
3
Let r(y) = y**3 + 11*y**2 - 4*y - 12. List the prime factors of r(-11).
2
Let y(b) be the third derivative of b**5/20 - b**4/4 + b**3 + b**2. What are the prime factors of y(4)?
2, 3, 5
Let q be ((0/2)/(-1))/2. Suppose -5*z = -q*z - 10. List the prime factors of (1 - z) + 2 - -3.
2
Suppose 6*k - 20 = 2*k. Suppose -36 = -k*v - 11. Suppose -3*j = 3*b - 18, v*b + 6 + 0 = 4*j. List the prime factors of j.
2
Let r be 1/(2 + -3) + 1. List the prime factors of (0 - -9) + 2 + r.
11
Suppose 2*q + 6*b - 3*b = 145, 3*b - 358 = -5*q. List the prime factors of q.
71
Let t be 114/(-24) - (-1)/(-4). Let v be (23/(-5) + -1)*t. Suppose 0 = -3*x + v + 2. List the prime factors of x.
2, 5
Let t(i) = -45*i - 1. What are the prime factors of t(-3)?
2, 67
Let v be (30/(-10))/((-1)/(-2)). Let k be (-14)/3*18/4. What are the prime factors of 37/7 - v/k?
5
Let c = 72 + -132. What are the prime factors of (4/(-10))/(6/c)?
2
Let z be (-12)/(-2) - (1 + 0). List the prime factors of (13/z)/(1/5).
13
Let r = -4 - -6. Suppose 0 = s - r*p + 3, -s + p - 42 = 4*s. List the prime factors of s/15*-1*5.
3
Suppose 0 = -5*f + 2*h + 20, -4*f = -5*h + 3*h - 14. What are the prime factors of f/9*39 + 2?
2, 7
Let i = 4 - 8. Let p be 60/25 - i/(-10). List the prime factors of p/11 + 687/33.
3, 7
What are the prime factors of 14/35 + (2 - 1869/(-15))?
127
Let y(r) = 12*r + 8. What are the prime factors of y(2)?
2
Let t(o) = -o**2 - 2*o + 1. Let u be ((-6)/4)/(9/12). Let w be t(u). Let z(s) = s**2 + s. List the prime factors of z(w).
2
Let t = 46 + 49. List the prime factors of t.
5, 19
Suppose 3*w - 106 = 2*w - 2*g, 2*w - 177 = 3*g. List the prime factors of w.
2, 3
Suppose 12 = 4*x - 3*o, o - 1 + 5 = 5*x. Suppose -3*f + 3*d + 6 + 6 = x, -8 = -2*f + 5*d. Suppose f*q = 2*q + 3*k, -2*q - k = -8. List the prime factors of q.
3
Suppose 0 = -y - 0*p - 4*p, -y + 10 = -p. Suppose -5*c + 12 = -y. What are the prime factors of c?
2
Suppose 5*q - 6*q = 5*u + 1, 5*q = 4*u + 24. Let a = 7 + u. List the prime factors of a.
2, 3
Let n(c) = -4*c - 1. Let t be n(-6). Let v be 4 + 1 + -1 + -1. Suppose 4*d + v*z - 27 = 0, 2*z + 4 = -3*d + t. List the prime factors of d.
3
Suppose 2*m + 127 = 3*t, 3*m + m + 39 = t. List the prime factors of t.
43
Let q(l) = -l - 11*l + 6*l. What are the prime factors of q(-4)?
2, 3
Let w be 0*(1/(-2) + 1). Suppose 5*z - 3*o - 56 = 0, 2*z - 5*o - 28 - 2 = w. Let p = -6 + z. What are the prime factors of p?
2
Let r = 8 + -7. Let j(b) = 9*b**3 - 2*b**2 + b. What are the prime factors of j(r)?
2
Let h(i) = -i**2 - 10*i - 5. Let w = -18 + 12. What are the prime factors of h(w)?
19
Suppose -5*i + 0*i + 1070 = 4*s, 2*s - 10 = 0. List the prime factors of i.
2, 3, 5, 7
Let r = 34 + 45. What are the prime factors of r?
79
Suppose -2*b + 4 = 5*t, -3*t + 1 = 2*b - 3. Suppose 4*y = -5*c + b*y - 10, -8 = 4*c - y. What are the prime factors of (-13)/(c + (-2)/(-2))?
13
Let d(r) = -r + 5. Suppose 3 = -j + 6. Let l be d(j). Suppose -4 = -f - c - l, 5 = 4*f + 5*c. List the prime factors of f.
5
Let p = -2 + -27. Suppose -j - 8 = 6. Let t = j - p. What are the prime factors of t?
3, 5
Let h be (-6)/15 - (-22)/5. Suppose -4*v + b = -3*b + h, 3*b = -4*v + 17. Suppose 2*t - 30 - v = 0. What are the prime factors of t?
2
List the prime factors of ((-4)/6)/((-2)/108).
2, 3
Let l(d) = d**2 + 5*d + 2. Let f be l(-7). Suppose 5*c + 3*o - 38 - 86 = 0, -c + f = 5*o. List the prime factors of c.
2, 13
Suppose 0 = -2*c + 4*t + 20, -4*c + t = 2*t + 5. Suppose c = -a - 1 + 14. Suppose 11 = 4*u - a. What are the prime factors of u?
2, 3
Suppose -4*d = 3*i + i, -2*i = -3*d. Suppose u = 4*a - 5, -2*u + 4*a = 2*u - 4. Suppose 4*t + v - 15 = i, u*t + 3*v = -v + 8. List the prime factors of t.
2
Let t(g) = -8*g + 3. Let w(v) = 24*v - 8. Let y(o) = -8*t(o) - 3*w(o). What are the prime factors of y(-1)?
2
Suppose -97*n - 10 = -99*n. List the prime factors of n.
5
Let y = -184 + 299. List the prime factors of y.
5, 23
Let v(c) = c**2 + 3*c - 3. Let i(m) = 2 - 1 - m + 0. Let d(s) = 4*i(s) + v(s). What are the prime factors of d(2)?
3
What are the prime factors of (0 - -183) + (-6 - -2 - -2)?
181
Suppose 0 = -2*u - v - 3, u - 4*v = -u + 22. Let o = -3 - u. Let c = -1 - o. What are the prime factors of c?
3
Suppose -a - 3*z - 1 - 1 = 0, -4*a = -4*z - 40. Let k = a + -6. Let j = 4 + k. List the prime factors of j.
5
Suppose 3*p + 3 = -0. List the prime factors of ((-1)/2)/(p/34).
17
Let i = 1 - 1. Suppose 4*v + i*t - 24 = -2*t, 3*v - 2*t - 4 = 0. List the prime factors of v.
2
Let m be (-3 + 0)/(-3) - -1. Suppose -30 = 5*s - 5*d, s + m = 3*d - 6. Let i(j) = -j**3 - 3*j**2 + 8*j + 6. List the prime factors of i(s).
2
Let j(p) = -p + 33. Let u be j(0). Let o = u - 23. List the prime factors of o.
2, 5
Suppose 0 = 9*q - 4*q - 190. What are the prime factors of q?
2, 19
Let a = 3 - 2. Let w = a - -7. Suppose b = w + 2. List the prime factors of b.
2, 5
Let w = 1 + 3. Suppose 3 + 13 = w*z. Suppose -z*b - 4*s + 32 = 0, 5*b - 3*s + 0*s - 80 = 0. List the prime factors of b.
13
Suppose -5*l + z = -l - 71, -5*z - 13 = -l. What are the prime factors of l?
2, 3
Let z = -23 + 50. What are the prime factors of -2*(4 + z*-1)?
2, 23
Let u(y) = -y + 7. List the prime factors of u(-5).
2, 3
Let x = 2 - 0. Let s(f) = -f**3 + f**2 + 2*f - 2. Let t be s(x). Let g = 5 + t. List the prime factors of g.
3
Let i = 25 + -37. Let t = i + 28. What are the prime factors of t?
2
Let c = 2 + -2. Let x(q) = q**2 + q + 3. What are the prime factors of x(c)?
3
List the prime factors of (268/3)/((-14)/(-63)*3).
2, 67
Suppose 6 = -2*y, -3*x + 2*x - y + 388 = 0. What are the prime factors of x?
17, 23
What are the prime factors of 2/4*16/8 + 8?
3
Suppose -8 = 11*n - 1790. What are the prime factors of n?
2, 3
Suppose 4*u - 24 = -2*z, 7*z + 4*u = 4*z + 28. List the prime factors of z.
2
Suppose -7*g = 2*g - 468. What are the prime factors of g?
2, 13
Suppose -5*k - 4*a - 17 = 0, 0 = -4*a + 6 + 2. What are the prime factors of (k - -2 - -5) + 22?
2, 3
Let v be 2/6 - (-57)/(-9). Let l = 9 + v. Let s(g) = -g**3 + 4*g**2 - g. What are the prime factors of s(l)?
2, 3
Suppose -t + 61 = -38. What are the prime factors of t?
3, 11
What are the prime factors of (